7, 5413
List the prime factors of 415373.
7, 173
List the prime factors of 19114670.
2, 5, 1911467
What are the prime factors of 48831?
3, 41, 397
What are the prime factors of 3084042?
2, 3, 13, 19, 2081
List the prime factors of 30113.
30113
List the prime factors of 61876.
2, 31, 499
What are the prime factors of 295814?
2, 353, 419
What are the prime factors of 274394?
2, 137197
List the prime factors of 614577.
3, 204859
List the prime factors of 203121.
3, 7523
List the prime factors of 30199462.
2, 2657, 5683
What are the prime factors of 15623142?
2, 3, 2603857
List the prime factors of 2273626.
2, 1136813
List the prime factors of 2623234.
2, 1311617
List the prime factors of 30761458.
2, 7, 13, 169019
List the prime factors of 7219318.
2, 29, 124471
What are the prime factors of 1679876?
2, 11, 73, 523
List the prime factors of 13543072.
2, 423221
List the prime factors of 4036947.
3, 1345649
What are the prime factors of 10252917?
3, 23, 49531
List the prime factors of 5808587.
431, 13477
List the prime factors of 159867.
3, 31, 191
List the prime factors of 1028480.
2, 5, 1607
What are the prime factors of 952051?
17, 56003
List the prime factors of 1243468.
2, 310867
List the prime factors of 3068582.
2, 11, 101, 1381
List the prime factors of 271167.
3, 13, 17, 409
What are the prime factors of 4196283?
3, 7, 13, 19, 809
What are the prime factors of 28574?
2, 7, 13, 157
List the prime factors of 34953237.
3, 11, 89, 3967
What are the prime factors of 3460669?
97, 35677
What are the prime factors of 2006576?
2, 11, 13, 877
What are the prime factors of 512956?
2, 128239
What are the prime factors of 8142003?
3, 904667
List the prime factors of 319852.
2, 13, 6151
List the prime factors of 876596.
2, 7, 31307
What are the prime factors of 521734?
2, 353, 739
What are the prime factors of 3237714?
2, 3, 19, 9467
What are the prime factors of 1758514?
2, 17, 51721
What are the prime factors of 874916?
2, 7, 31247
List the prime factors of 2326233.
3, 7, 13, 8521
What are the prime factors of 2520443?
2520443
List the prime factors of 53327.
53327
What are the prime factors of 17606446?
2, 11, 13, 61561
List the prime factors of 7765018.
2, 821, 4729
What are the prime factors of 718488?
2, 3, 17, 587
List the prime factors of 23424843.
3, 13, 79, 7603
What are the prime factors of 663935?
5, 17, 73, 107
What are the prime factors of 104146?
2, 7, 43, 173
List the prime factors of 11111463.
3, 11, 112237
List the prime factors of 422653.
7, 11, 499
What are the prime factors of 226279?
41, 5519
List the prime factors of 623143.
19, 32797
What are the prime factors of 9267214?
2, 11, 89, 4733
List the prime factors of 4353632.
2, 17, 53, 151
What are the prime factors of 716867?
607, 1181
List the prime factors of 27526911.
3, 9175637
What are the prime factors of 1074721?
23, 46727
List the prime factors of 9747391.
37, 263443
What are the prime factors of 1224859?
1224859
List the prime factors of 1410436.
2, 53, 6653
What are the prime factors of 192944?
2, 31, 389
What are the prime factors of 234395?
5, 7, 37, 181
What are the prime factors of 108894?
2, 3, 18149
List the prime factors of 48460.
2, 5, 2423
List the prime factors of 734749.
19, 38671
What are the prime factors of 114436?
2, 7, 61, 67
What are the prime factors of 188390?
2, 5, 18839
List the prime factors of 544573.
227, 2399
What are the prime factors of 6736590?
2, 3, 5, 7, 17, 37
List the prime factors of 5598069.
3, 199, 9377
List the prime factors of 3384215.
5, 71, 9533
What are the prime factors of 778960?
2, 5, 7, 13, 107
List the prime factors of 181541.
379, 479
List the prime factors of 26102099.
73, 357563
What are the prime factors of 3009587?
7, 191, 2251
List the prime factors of 1633761.
3, 167, 1087
List the prime factors of 2507948.
2, 626987
List the prime factors of 2809750.
2, 5, 11239
List the prime factors of 13025523.
3, 7, 88609
What are the prime factors of 725243?
229, 3167
List the prime factors of 25758354.
2, 3, 4293059
List the prime factors of 246526.
2, 7, 17609
List the prime factors of 20475275.
5, 397, 2063
What are the prime factors of 274147?
274147
What are the prime factors of 157409?
7, 113, 199
List the prime factors of 38687.
11, 3517
List the prime factors of 5446574.
2, 7, 389041
List the prime factors of 94977.
3, 61, 173
List the prime factors of 98265.
3, 5, 6551
List the prime factors of 238660.
2, 5, 11933
What are the prime factors of 2618757?
3, 23, 4217
What are the prime factors of 256021?
256021
What are the prime factors of 10758797?
7, 29, 52999
List the prime factors of 98645.
5, 109, 181
What are the prime factors of 23847240?
2, 3, 5, 37, 41, 131
What are the prime factors of 6253928?
2, 781741
List the prime factors of 7001902.
2, 67, 52253
List the prime factors of 101656.
2, 97, 131
List the prime factors of 23661107.
61, 337, 1151
List the prime factors of 1377597.
3, 13, 35323
What are the prime factors of 627712?
2, 613
List the prime factors of 33237838.
2, 107, 155317
List the prime factors of 1152638.
2, 576319
List the prime factors of 1506496.
2, 23539
List the prime factors of 16222893.
3, 5407631
List the prime factors of 1665288.
2, 3, 101, 229
What are the prime factors of 10689130?
2, 5, 1068913
What are the prime factors of 9104278?
2, 4552139
List the prime factors of 31579782.
2, 3, 13, 23, 29, 607
List the prime factors of 215893.
215893
What are the prime factors of 393133?
13, 30241
What are the prime factors of 277417?
7, 39631
What are the prime factors of 27951?
3, 7, 11
List the prime factors of 2470653.
3, 274517
What are the prime factors of 10835005?
5, 113, 127, 151
List the prime factors of 1783250.
2, 5, 7, 1019
List the prime factors of 190128.
2, 3, 17, 233
List the prime factors of 1757190.
2, 3, 5, 58573
List the prime factors of 255025.
5, 101
What are the prime factors of 1308609?
3, 17, 2851
What are the prime factors of 9552652?
2, 2388163
What are the prime factors of 889184?
2, 37, 751
List the prime factors of 435958.
2, 217979
What are the prime factors of 10799?
10799
What are the prime factors of 940289?
7, 134327
List the prime factors of 6900276.
2, 3, 23, 1087
List the prime factors of 16241914.
2, 13, 29, 1657
List the prime factors of 1237541.
439, 2819
What are the prime factors of 4851170?
2, 5, 137, 3541
List the prime factors of 140284.
2, 17, 2063
List the prime factors of 6752480.
2, 5, 7, 6029
What are the prime factors of 15397064?
2, 149, 12917
List the prime factors of 2987930.
2, 5, 11, 23, 1181
List the prime factors of 11450018.
2, 5725009
What are the prime factors of 995013?
3, 110557
What are the prime factors of 200212?
2, 50053
List the prime factors of 7138166.
2, 7, 83, 6143
What are the prime factors of 92541?
3, 109, 283
List the prime factors of 216342.
2, 3, 7, 17, 101
What are the prime factors of 75123?
3, 17, 491
List the prime factors of 553053.
3, 184351
What are the prime factors of 207486?
2, 3, 11527
What are the prime factors of 373989?
3, 7, 11, 1619
What are the prime factors of 9835419?
3, 11, 298043
What are the prime factors of 31466091?
3, 10488697
What are the prime factors of 1237864?
2, 154733
List the prime factors of 1179518.
2, 589759
What are the prime factors of 541614?
2, 3, 19, 4751
What are the prime factors of 9657?
3, 29, 37
List the prime factors of 713114.
2, 149, 2393
What are the prime factors of 1306845?
3, 5, 113, 257
What are the prime factors of 1650869?
11, 223, 673
What are the prime factors of 137107?
167, 821
List the prime factors of 6341063.
6341063
What are the prime factors of 102684?
2, 3, 43, 199
List the prime factors of 3584276.
2, 896069
What are the prime factors of 502665?
3, 5, 23, 31, 47
List the prime factors of 473789.
473789
List the prime factors of 217762.
2, 108881
List the prime factors of 3238817.
47, 137, 503
What are the prime factors of 68003?
13, 5231
What are the prime factors of 920751?
3, 13, 23609
What are the prime factors of 810004?
2, 13, 37, 421
List the prime factors of 1370907.
3, 19, 8017
List the prime factors of 5094950.
2, 5, 7, 14557
List the prime factors of 3838393.
13, 503, 587
What are the prime factors of 909227?
11, 82657
List the prime facto